{"id":117,"date":"2021-10-10T10:25:43","date_gmt":"2021-10-10T08:25:43","guid":{"rendered":"http:\/\/lavenne-architecture.be\/?page_id=117"},"modified":"2026-04-02T11:12:11","modified_gmt":"2026-04-02T09:12:11","slug":"creation-dimage-3d-pour-vos-projets","status":"publish","type":"page","link":"https:\/\/lavenne-architecture.be\/index.php\/creation-dimage-3d-pour-vos-projets\/","title":{"rendered":"Vos projets en 2D et 3D"},"content":{"rendered":"\n<ul class=\"wp-block-list\">\n<li>\u2728 <strong>Imaginez, visualisez, r\u00e9alisez<\/strong> \u2728<\/li>\n<\/ul>\n\n\n\n<p><\/p>\n\n\n\n<ul class=\"wp-block-list\">\n<li>Transformez vos id\u00e9es en plans 2D clairs et pr\u00e9cis<\/li>\n\n\n\n<li>Donnez vie \u00e0 vos espaces gr\u00e2ce \u00e0 des rendus 3D immersifs et r\u00e9alistes<\/li>\n\n\n\n<li>Explorez diff\u00e9rentes options d\u2019am\u00e9nagement avant de d\u00e9cider<\/li>\n\n\n\n<li>Profitez d\u2019un accompagnement sur mesure, que vous soyez particulier ou professionnel de l\u2019architecture<\/li>\n<\/ul>\n\n\n\n<p><\/p>\n\n\n\n<ul class=\"wp-block-list\">\n<li>\ud83d\udd39 <strong>Votre projet devient concret avant m\u00eame le premier coup de crayon.<\/strong><\/li>\n<\/ul>\n\n\n\n<figure class=\"wp-block-gallery has-nested-images columns-default is-cropped wp-block-gallery-1 is-layout-flex wp-block-gallery-is-layout-flex\">\n<figure class=\"wp-block-image size-large\"><img loading=\"lazy\" decoding=\"async\" width=\"1024\" height=\"585\" data-id=\"359\" src=\"http:\/\/lavenne-architecture.be\/wp-content\/uploads\/2025\/09\/1757947630276-1024x585.jpg\" alt=\"\" class=\"wp-image-359\" srcset=\"https:\/\/lavenne-architecture.be\/wp-content\/uploads\/2025\/09\/1757947630276-1024x585.jpg 1024w, https:\/\/lavenne-architecture.be\/wp-content\/uploads\/2025\/09\/1757947630276-300x171.jpg 300w, https:\/\/lavenne-architecture.be\/wp-content\/uploads\/2025\/09\/1757947630276-768x439.jpg 768w, https:\/\/lavenne-architecture.be\/wp-content\/uploads\/2025\/09\/1757947630276-400x229.jpg 400w, https:\/\/lavenne-architecture.be\/wp-content\/uploads\/2025\/09\/1757947630276-940x537.jpg 940w, https:\/\/lavenne-architecture.be\/wp-content\/uploads\/2025\/09\/1757947630276.jpg 1344w\" sizes=\"auto, (max-width: 1024px) 100vw, 1024px\" \/><\/figure>\n\n\n\n<figure class=\"wp-block-image size-large\"><img loading=\"lazy\" decoding=\"async\" width=\"1024\" height=\"585\" data-id=\"357\" src=\"http:\/\/lavenne-architecture.be\/wp-content\/uploads\/2025\/09\/1757945739334-1024x585.jpg\" alt=\"\" class=\"wp-image-357\" srcset=\"https:\/\/lavenne-architecture.be\/wp-content\/uploads\/2025\/09\/1757945739334-1024x585.jpg 1024w, https:\/\/lavenne-architecture.be\/wp-content\/uploads\/2025\/09\/1757945739334-300x171.jpg 300w, https:\/\/lavenne-architecture.be\/wp-content\/uploads\/2025\/09\/1757945739334-768x439.jpg 768w, https:\/\/lavenne-architecture.be\/wp-content\/uploads\/2025\/09\/1757945739334-400x229.jpg 400w, https:\/\/lavenne-architecture.be\/wp-content\/uploads\/2025\/09\/1757945739334-940x537.jpg 940w, https:\/\/lavenne-architecture.be\/wp-content\/uploads\/2025\/09\/1757945739334.jpg 1344w\" sizes=\"auto, (max-width: 1024px) 100vw, 1024px\" \/><\/figure>\n\n\n\n<figure class=\"wp-block-image size-large\"><img loading=\"lazy\" decoding=\"async\" width=\"1024\" height=\"576\" data-id=\"120\" src=\"http:\/\/lavenne-architecture.be\/wp-content\/uploads\/2021\/10\/Perspectives-test-int-2-1024x576.png\" alt=\"\" class=\"wp-image-120\" srcset=\"https:\/\/lavenne-architecture.be\/wp-content\/uploads\/2021\/10\/Perspectives-test-int-2-1024x576.png 1024w, https:\/\/lavenne-architecture.be\/wp-content\/uploads\/2021\/10\/Perspectives-test-int-2-300x169.png 300w, https:\/\/lavenne-architecture.be\/wp-content\/uploads\/2021\/10\/Perspectives-test-int-2-768x432.png 768w, https:\/\/lavenne-architecture.be\/wp-content\/uploads\/2021\/10\/Perspectives-test-int-2-1536x864.png 1536w, https:\/\/lavenne-architecture.be\/wp-content\/uploads\/2021\/10\/Perspectives-test-int-2-400x225.png 400w, https:\/\/lavenne-architecture.be\/wp-content\/uploads\/2021\/10\/Perspectives-test-int-2-940x529.png 940w, https:\/\/lavenne-architecture.be\/wp-content\/uploads\/2021\/10\/Perspectives-test-int-2-520x293.png 520w, https:\/\/lavenne-architecture.be\/wp-content\/uploads\/2021\/10\/Perspectives-test-int-2.png 1920w\" sizes=\"auto, (max-width: 1024px) 100vw, 1024px\" \/><\/figure>\n<\/figure>\n\n\n\n<figure class=\"wp-block-gallery has-nested-images columns-default is-cropped wp-block-gallery-2 is-layout-flex wp-block-gallery-is-layout-flex\">\n<figure class=\"wp-block-image size-large\"><img loading=\"lazy\" decoding=\"async\" width=\"1024\" height=\"585\" data-id=\"351\" src=\"http:\/\/lavenne-architecture.be\/wp-content\/uploads\/2025\/09\/1757943097909-1024x585.jpg\" alt=\"\" class=\"wp-image-351\" srcset=\"https:\/\/lavenne-architecture.be\/wp-content\/uploads\/2025\/09\/1757943097909-1024x585.jpg 1024w, https:\/\/lavenne-architecture.be\/wp-content\/uploads\/2025\/09\/1757943097909-300x171.jpg 300w, https:\/\/lavenne-architecture.be\/wp-content\/uploads\/2025\/09\/1757943097909-768x439.jpg 768w, https:\/\/lavenne-architecture.be\/wp-content\/uploads\/2025\/09\/1757943097909-400x229.jpg 400w, https:\/\/lavenne-architecture.be\/wp-content\/uploads\/2025\/09\/1757943097909-940x537.jpg 940w, https:\/\/lavenne-architecture.be\/wp-content\/uploads\/2025\/09\/1757943097909.jpg 1344w\" sizes=\"auto, (max-width: 1024px) 100vw, 1024px\" \/><\/figure>\n\n\n\n<figure class=\"wp-block-image size-large\"><img loading=\"lazy\" decoding=\"async\" width=\"1024\" height=\"796\" data-id=\"363\" src=\"http:\/\/lavenne-architecture.be\/wp-content\/uploads\/2025\/09\/1758018266189-1024x796.png\" alt=\"\" class=\"wp-image-363\" srcset=\"https:\/\/lavenne-architecture.be\/wp-content\/uploads\/2025\/09\/1758018266189-1024x796.png 1024w, https:\/\/lavenne-architecture.be\/wp-content\/uploads\/2025\/09\/1758018266189-300x233.png 300w, https:\/\/lavenne-architecture.be\/wp-content\/uploads\/2025\/09\/1758018266189-768x597.png 768w, https:\/\/lavenne-architecture.be\/wp-content\/uploads\/2025\/09\/1758018266189-400x311.png 400w, https:\/\/lavenne-architecture.be\/wp-content\/uploads\/2025\/09\/1758018266189-940x731.png 940w, https:\/\/lavenne-architecture.be\/wp-content\/uploads\/2025\/09\/1758018266189.png 1152w\" sizes=\"auto, (max-width: 1024px) 100vw, 1024px\" \/><\/figure>\n\n\n\n<figure class=\"wp-block-image size-large\"><img loading=\"lazy\" decoding=\"async\" width=\"1024\" height=\"796\" data-id=\"352\" src=\"http:\/\/lavenne-architecture.be\/wp-content\/uploads\/2025\/09\/1757943684058-1024x796.jpg\" alt=\"\" class=\"wp-image-352\" srcset=\"https:\/\/lavenne-architecture.be\/wp-content\/uploads\/2025\/09\/1757943684058-1024x796.jpg 1024w, https:\/\/lavenne-architecture.be\/wp-content\/uploads\/2025\/09\/1757943684058-300x233.jpg 300w, https:\/\/lavenne-architecture.be\/wp-content\/uploads\/2025\/09\/1757943684058-768x597.jpg 768w, https:\/\/lavenne-architecture.be\/wp-content\/uploads\/2025\/09\/1757943684058-400x311.jpg 400w, https:\/\/lavenne-architecture.be\/wp-content\/uploads\/2025\/09\/1757943684058-940x731.jpg 940w, https:\/\/lavenne-architecture.be\/wp-content\/uploads\/2025\/09\/1757943684058.jpg 1152w\" sizes=\"auto, (max-width: 1024px) 100vw, 1024px\" \/><\/figure>\n\n\n\n<figure class=\"wp-block-image size-large\"><img loading=\"lazy\" decoding=\"async\" width=\"1024\" height=\"585\" data-id=\"354\" src=\"http:\/\/lavenne-architecture.be\/wp-content\/uploads\/2025\/09\/1757944376193-1024x585.jpg\" alt=\"\" class=\"wp-image-354\" srcset=\"https:\/\/lavenne-architecture.be\/wp-content\/uploads\/2025\/09\/1757944376193-1024x585.jpg 1024w, https:\/\/lavenne-architecture.be\/wp-content\/uploads\/2025\/09\/1757944376193-300x171.jpg 300w, https:\/\/lavenne-architecture.be\/wp-content\/uploads\/2025\/09\/1757944376193-768x439.jpg 768w, https:\/\/lavenne-architecture.be\/wp-content\/uploads\/2025\/09\/1757944376193-400x229.jpg 400w, https:\/\/lavenne-architecture.be\/wp-content\/uploads\/2025\/09\/1757944376193-940x537.jpg 940w, https:\/\/lavenne-architecture.be\/wp-content\/uploads\/2025\/09\/1757944376193.jpg 1344w\" sizes=\"auto, (max-width: 1024px) 100vw, 1024px\" \/><\/figure>\n\n\n\n<figure class=\"wp-block-image size-large\"><img loading=\"lazy\" decoding=\"async\" width=\"1024\" height=\"796\" data-id=\"366\" src=\"http:\/\/lavenne-architecture.be\/wp-content\/uploads\/2025\/09\/1758020471296-1024x796.png\" alt=\"\" class=\"wp-image-366\" srcset=\"https:\/\/lavenne-architecture.be\/wp-content\/uploads\/2025\/09\/1758020471296-1024x796.png 1024w, https:\/\/lavenne-architecture.be\/wp-content\/uploads\/2025\/09\/1758020471296-300x233.png 300w, https:\/\/lavenne-architecture.be\/wp-content\/uploads\/2025\/09\/1758020471296-768x597.png 768w, https:\/\/lavenne-architecture.be\/wp-content\/uploads\/2025\/09\/1758020471296-400x311.png 400w, https:\/\/lavenne-architecture.be\/wp-content\/uploads\/2025\/09\/1758020471296-940x731.png 940w, https:\/\/lavenne-architecture.be\/wp-content\/uploads\/2025\/09\/1758020471296.png 1152w\" sizes=\"auto, (max-width: 1024px) 100vw, 1024px\" \/><\/figure>\n\n\n\n<figure class=\"wp-block-image size-large\"><img loading=\"lazy\" decoding=\"async\" width=\"1024\" height=\"585\" data-id=\"374\" src=\"http:\/\/lavenne-architecture.be\/wp-content\/uploads\/2025\/09\/1758021378874-1024x585.jpg\" alt=\"\" class=\"wp-image-374\" srcset=\"https:\/\/lavenne-architecture.be\/wp-content\/uploads\/2025\/09\/1758021378874-1024x585.jpg 1024w, https:\/\/lavenne-architecture.be\/wp-content\/uploads\/2025\/09\/1758021378874-300x171.jpg 300w, https:\/\/lavenne-architecture.be\/wp-content\/uploads\/2025\/09\/1758021378874-768x439.jpg 768w, https:\/\/lavenne-architecture.be\/wp-content\/uploads\/2025\/09\/1758021378874-400x229.jpg 400w, https:\/\/lavenne-architecture.be\/wp-content\/uploads\/2025\/09\/1758021378874-940x537.jpg 940w, https:\/\/lavenne-architecture.be\/wp-content\/uploads\/2025\/09\/1758021378874.jpg 1344w\" sizes=\"auto, (max-width: 1024px) 100vw, 1024px\" \/><\/figure>\n\n\n\n<figure class=\"wp-block-image size-large\"><img loading=\"lazy\" decoding=\"async\" width=\"1024\" height=\"585\" data-id=\"358\" src=\"http:\/\/lavenne-architecture.be\/wp-content\/uploads\/2025\/09\/1757947082651-1024x585.jpg\" alt=\"\" class=\"wp-image-358\" srcset=\"https:\/\/lavenne-architecture.be\/wp-content\/uploads\/2025\/09\/1757947082651-1024x585.jpg 1024w, https:\/\/lavenne-architecture.be\/wp-content\/uploads\/2025\/09\/1757947082651-300x171.jpg 300w, https:\/\/lavenne-architecture.be\/wp-content\/uploads\/2025\/09\/1757947082651-768x439.jpg 768w, https:\/\/lavenne-architecture.be\/wp-content\/uploads\/2025\/09\/1757947082651-400x229.jpg 400w, https:\/\/lavenne-architecture.be\/wp-content\/uploads\/2025\/09\/1757947082651-940x537.jpg 940w, https:\/\/lavenne-architecture.be\/wp-content\/uploads\/2025\/09\/1757947082651.jpg 1344w\" sizes=\"auto, (max-width: 1024px) 100vw, 1024px\" \/><\/figure>\n\n\n\n<figure class=\"wp-block-image size-large\"><img loading=\"lazy\" decoding=\"async\" width=\"1024\" height=\"638\" data-id=\"350\" src=\"http:\/\/lavenne-architecture.be\/wp-content\/uploads\/2025\/09\/1757941843280-1024x638.jpg\" alt=\"\" class=\"wp-image-350\" srcset=\"https:\/\/lavenne-architecture.be\/wp-content\/uploads\/2025\/09\/1757941843280-1024x638.jpg 1024w, https:\/\/lavenne-architecture.be\/wp-content\/uploads\/2025\/09\/1757941843280-300x187.jpg 300w, https:\/\/lavenne-architecture.be\/wp-content\/uploads\/2025\/09\/1757941843280-768x479.jpg 768w, https:\/\/lavenne-architecture.be\/wp-content\/uploads\/2025\/09\/1757941843280-400x249.jpg 400w, https:\/\/lavenne-architecture.be\/wp-content\/uploads\/2025\/09\/1757941843280-940x586.jpg 940w, https:\/\/lavenne-architecture.be\/wp-content\/uploads\/2025\/09\/1757941843280.jpg 1232w\" sizes=\"auto, (max-width: 1024px) 100vw, 1024px\" \/><\/figure>\n\n\n\n<figure class=\"wp-block-image size-large\"><img loading=\"lazy\" decoding=\"async\" width=\"1024\" height=\"585\" data-id=\"356\" src=\"http:\/\/lavenne-architecture.be\/wp-content\/uploads\/2025\/09\/1757945703947-1024x585.jpg\" alt=\"\" class=\"wp-image-356\" srcset=\"https:\/\/lavenne-architecture.be\/wp-content\/uploads\/2025\/09\/1757945703947-1024x585.jpg 1024w, https:\/\/lavenne-architecture.be\/wp-content\/uploads\/2025\/09\/1757945703947-300x171.jpg 300w, https:\/\/lavenne-architecture.be\/wp-content\/uploads\/2025\/09\/1757945703947-768x439.jpg 768w, https:\/\/lavenne-architecture.be\/wp-content\/uploads\/2025\/09\/1757945703947-400x229.jpg 400w, https:\/\/lavenne-architecture.be\/wp-content\/uploads\/2025\/09\/1757945703947-940x537.jpg 940w, https:\/\/lavenne-architecture.be\/wp-content\/uploads\/2025\/09\/1757945703947.jpg 1344w\" sizes=\"auto, (max-width: 1024px) 100vw, 1024px\" \/><\/figure>\n\n\n\n<figure class=\"wp-block-image size-large\"><img loading=\"lazy\" decoding=\"async\" width=\"1024\" height=\"640\" data-id=\"365\" src=\"http:\/\/lavenne-architecture.be\/wp-content\/uploads\/2025\/09\/1758018597923-1024x640.png\" alt=\"\" class=\"wp-image-365\" srcset=\"https:\/\/lavenne-architecture.be\/wp-content\/uploads\/2025\/09\/1758018597923-1024x640.png 1024w, https:\/\/lavenne-architecture.be\/wp-content\/uploads\/2025\/09\/1758018597923-300x188.png 300w, https:\/\/lavenne-architecture.be\/wp-content\/uploads\/2025\/09\/1758018597923-768x480.png 768w, https:\/\/lavenne-architecture.be\/wp-content\/uploads\/2025\/09\/1758018597923-400x250.png 400w, https:\/\/lavenne-architecture.be\/wp-content\/uploads\/2025\/09\/1758018597923-940x588.png 940w, https:\/\/lavenne-architecture.be\/wp-content\/uploads\/2025\/09\/1758018597923.png 1280w\" sizes=\"auto, (max-width: 1024px) 100vw, 1024px\" \/><\/figure>\n\n\n\n<figure class=\"wp-block-image size-large\"><img loading=\"lazy\" decoding=\"async\" width=\"1024\" height=\"640\" data-id=\"364\" src=\"http:\/\/lavenne-architecture.be\/wp-content\/uploads\/2025\/09\/1758018592376-1024x640.png\" alt=\"\" class=\"wp-image-364\" srcset=\"https:\/\/lavenne-architecture.be\/wp-content\/uploads\/2025\/09\/1758018592376-1024x640.png 1024w, https:\/\/lavenne-architecture.be\/wp-content\/uploads\/2025\/09\/1758018592376-300x188.png 300w, https:\/\/lavenne-architecture.be\/wp-content\/uploads\/2025\/09\/1758018592376-768x480.png 768w, https:\/\/lavenne-architecture.be\/wp-content\/uploads\/2025\/09\/1758018592376-400x250.png 400w, https:\/\/lavenne-architecture.be\/wp-content\/uploads\/2025\/09\/1758018592376-940x588.png 940w, https:\/\/lavenne-architecture.be\/wp-content\/uploads\/2025\/09\/1758018592376.png 1280w\" sizes=\"auto, (max-width: 1024px) 100vw, 1024px\" \/><\/figure>\n\n\n\n<figure class=\"wp-block-image size-large\"><img loading=\"lazy\" decoding=\"async\" width=\"1024\" height=\"585\" data-id=\"353\" src=\"http:\/\/lavenne-architecture.be\/wp-content\/uploads\/2025\/09\/1757943974970-1024x585.jpg\" alt=\"\" class=\"wp-image-353\" srcset=\"https:\/\/lavenne-architecture.be\/wp-content\/uploads\/2025\/09\/1757943974970-1024x585.jpg 1024w, https:\/\/lavenne-architecture.be\/wp-content\/uploads\/2025\/09\/1757943974970-300x171.jpg 300w, https:\/\/lavenne-architecture.be\/wp-content\/uploads\/2025\/09\/1757943974970-768x439.jpg 768w, https:\/\/lavenne-architecture.be\/wp-content\/uploads\/2025\/09\/1757943974970-400x229.jpg 400w, https:\/\/lavenne-architecture.be\/wp-content\/uploads\/2025\/09\/1757943974970-940x537.jpg 940w, https:\/\/lavenne-architecture.be\/wp-content\/uploads\/2025\/09\/1757943974970.jpg 1344w\" sizes=\"auto, (max-width: 1024px) 100vw, 1024px\" \/><\/figure>\n\n\n\n<figure class=\"wp-block-image size-large\"><img loading=\"lazy\" decoding=\"async\" width=\"1024\" height=\"640\" data-id=\"370\" src=\"http:\/\/lavenne-architecture.be\/wp-content\/uploads\/2025\/09\/1757965404710-1024x640.jpg\" alt=\"\" class=\"wp-image-370\" srcset=\"https:\/\/lavenne-architecture.be\/wp-content\/uploads\/2025\/09\/1757965404710-1024x640.jpg 1024w, https:\/\/lavenne-architecture.be\/wp-content\/uploads\/2025\/09\/1757965404710-300x188.jpg 300w, https:\/\/lavenne-architecture.be\/wp-content\/uploads\/2025\/09\/1757965404710-768x480.jpg 768w, https:\/\/lavenne-architecture.be\/wp-content\/uploads\/2025\/09\/1757965404710-400x250.jpg 400w, https:\/\/lavenne-architecture.be\/wp-content\/uploads\/2025\/09\/1757965404710-940x588.jpg 940w, https:\/\/lavenne-architecture.be\/wp-content\/uploads\/2025\/09\/1757965404710.jpg 1280w\" sizes=\"auto, (max-width: 1024px) 100vw, 1024px\" \/><\/figure>\n\n\n\n<figure class=\"wp-block-image size-large\"><img loading=\"lazy\" decoding=\"async\" width=\"1024\" height=\"640\" data-id=\"368\" src=\"http:\/\/lavenne-architecture.be\/wp-content\/uploads\/2025\/09\/1757964548170-1024x640.jpg\" alt=\"\" class=\"wp-image-368\" srcset=\"https:\/\/lavenne-architecture.be\/wp-content\/uploads\/2025\/09\/1757964548170-1024x640.jpg 1024w, https:\/\/lavenne-architecture.be\/wp-content\/uploads\/2025\/09\/1757964548170-300x188.jpg 300w, https:\/\/lavenne-architecture.be\/wp-content\/uploads\/2025\/09\/1757964548170-768x480.jpg 768w, https:\/\/lavenne-architecture.be\/wp-content\/uploads\/2025\/09\/1757964548170-400x250.jpg 400w, https:\/\/lavenne-architecture.be\/wp-content\/uploads\/2025\/09\/1757964548170-940x588.jpg 940w, https:\/\/lavenne-architecture.be\/wp-content\/uploads\/2025\/09\/1757964548170.jpg 1280w\" sizes=\"auto, (max-width: 1024px) 100vw, 1024px\" \/><\/figure>\n\n\n\n<figure class=\"wp-block-image size-large\"><img loading=\"lazy\" decoding=\"async\" width=\"1024\" height=\"585\" data-id=\"355\" src=\"http:\/\/lavenne-architecture.be\/wp-content\/uploads\/2025\/09\/1757944984877-1024x585.jpg\" alt=\"\" class=\"wp-image-355\" srcset=\"https:\/\/lavenne-architecture.be\/wp-content\/uploads\/2025\/09\/1757944984877-1024x585.jpg 1024w, https:\/\/lavenne-architecture.be\/wp-content\/uploads\/2025\/09\/1757944984877-300x171.jpg 300w, https:\/\/lavenne-architecture.be\/wp-content\/uploads\/2025\/09\/1757944984877-768x439.jpg 768w, https:\/\/lavenne-architecture.be\/wp-content\/uploads\/2025\/09\/1757944984877-400x229.jpg 400w, https:\/\/lavenne-architecture.be\/wp-content\/uploads\/2025\/09\/1757944984877-940x537.jpg 940w, https:\/\/lavenne-architecture.be\/wp-content\/uploads\/2025\/09\/1757944984877.jpg 1344w\" sizes=\"auto, (max-width: 1024px) 100vw, 1024px\" \/><\/figure>\n\n\n\n<figure class=\"wp-block-image size-large\"><img loading=\"lazy\" decoding=\"async\" width=\"1024\" height=\"585\" data-id=\"371\" src=\"http:\/\/lavenne-architecture.be\/wp-content\/uploads\/2025\/09\/1757965646413-1024x585.jpg\" alt=\"\" class=\"wp-image-371\" srcset=\"https:\/\/lavenne-architecture.be\/wp-content\/uploads\/2025\/09\/1757965646413-1024x585.jpg 1024w, https:\/\/lavenne-architecture.be\/wp-content\/uploads\/2025\/09\/1757965646413-300x171.jpg 300w, https:\/\/lavenne-architecture.be\/wp-content\/uploads\/2025\/09\/1757965646413-768x439.jpg 768w, https:\/\/lavenne-architecture.be\/wp-content\/uploads\/2025\/09\/1757965646413-400x229.jpg 400w, https:\/\/lavenne-architecture.be\/wp-content\/uploads\/2025\/09\/1757965646413-940x537.jpg 940w, https:\/\/lavenne-architecture.be\/wp-content\/uploads\/2025\/09\/1757965646413.jpg 1344w\" sizes=\"auto, (max-width: 1024px) 100vw, 1024px\" \/><\/figure>\n<\/figure>\n\n\n\n<div class=\"wp-block-buttons alignfull is-horizontal is-content-justification-center is-layout-flex wp-container-core-buttons-is-layout-03627597 wp-block-buttons-is-layout-flex\">\n<div class=\"wp-block-button is-style-outline is-style-outline--3\"><a class=\"wp-block-button__link wp-element-button\" href=\"http:\/\/lavenne-architecture.be\/index.php\/2021\/05\/13\/qui-suis-je\/\">Services<\/a><\/div>\n\n\n\n<div class=\"wp-block-button is-style-outline is-style-outline--4\"><a class=\"wp-block-button__link wp-element-button\" href=\"gl4architecture@gmail.com\">Contacts<\/a><\/div>\n\n\n\n<div class=\"wp-block-button is-style-outline is-style-outline--5\"><a class=\"wp-block-button__link wp-element-button\" href=\"http:\/\/lavenne-architecture.be\/index.php\/creation-dimage-3d-pour-vos-projets\/\">Visuels 3D &#8211; Rendus<\/a><\/div>\n<\/div>\n\n\n\n<p><\/p>\n","protected":false},"excerpt":{"rendered":"","protected":false},"author":1,"featured_media":0,"parent":0,"menu_order":0,"comment_status":"closed","ping_status":"closed","template":"","meta":{"footnotes":""},"class_list":["post-117","page","type-page","status-publish","hentry"],"_links":{"self":[{"href":"https:\/\/lavenne-architecture.be\/index.php\/wp-json\/wp\/v2\/pages\/117","targetHints":{"allow":["GET"]}}],"collection":[{"href":"https:\/\/lavenne-architecture.be\/index.php\/wp-json\/wp\/v2\/pages"}],"about":[{"href":"https:\/\/lavenne-architecture.be\/index.php\/wp-json\/wp\/v2\/types\/page"}],"author":[{"embeddable":true,"href":"https:\/\/lavenne-architecture.be\/index.php\/wp-json\/wp\/v2\/users\/1"}],"replies":[{"embeddable":true,"href":"https:\/\/lavenne-architecture.be\/index.php\/wp-json\/wp\/v2\/comments?post=117"}],"version-history":[{"count":13,"href":"https:\/\/lavenne-architecture.be\/index.php\/wp-json\/wp\/v2\/pages\/117\/revisions"}],"predecessor-version":[{"id":409,"href":"https:\/\/lavenne-architecture.be\/index.php\/wp-json\/wp\/v2\/pages\/117\/revisions\/409"}],"wp:attachment":[{"href":"https:\/\/lavenne-architecture.be\/index.php\/wp-json\/wp\/v2\/media?parent=117"}],"curies":[{"name":"wp","href":"https:\/\/api.w.org\/{rel}","templated":true}]}}